(v) - s(v). Suppose 12*l = 5*l + 42. Determine r(l).
0
Let p(r) be the first derivative of -r**2 - 15*r + 39. Give p(-11).
7
Let k(o) = 2 + 685*o**3 - 684*o**3 - 3*o + 0*o - 4*o**2. Suppose -9 = -2*a + 1. What is k(a)?
12
Let a(x) be the first derivative of x**3/3 + x**2 + 4*x - 28. Determine a(-6).
28
Let z(t) be the second derivative of -t**5/10 + t**4/6 + t**3/2 + 3*t**2/2 - 73*t. Determine z(3).
-24
Suppose 5*n - 6 = 9. Let g be 15/3 + (3 - 6). Let i(j) = j**2 + j**g - 1 - 4*j - n*j**2 + j. Calculate i(-4).
-5
Let r = 596 - 607. Let f(j) = j**3 + 11*j**2 + j + 14. What is f(r)?
3
Let a(g) = -3*g + 4. Let c be 109/6 - 2/12. Let y = c - 18. Suppose -3*f - 3*s - 2 - 1 = y, 3*s + 27 = 5*f. Give a(f).
-5
Let k(q) = -2*q - 3. Suppose -84*c + 42 = -70*c. What is k(c)?
-9
Suppose -4*m - 2*h + 5 + 5 = 0, -5*m + 5*h = -20. Let c(o) be the second derivative of o**5/20 - o**4/4 + o**3/6 - o**2/2 - 179*o. Give c(m).
2
Suppose 5*b - 6*b = -7. Suppose -1 = -m - b. Let d(v) = 2*v + 3. Give d(m).
-9
Let t(i) = 4 - 2 + 1 - 1 - i**2 - 18*i + 24*i. Let g = -3 + 10. What is t(g)?
-5
Let k = -31 + 37. Let u(t) = 6*t**2 - 3*t + 11. Let z(r) = -7*r**2 + 2*r - 12. Let l(n) = k*u(n) + 5*z(n). Calculate l(6).
-6
Let v(n) be the second derivative of -n**4/12 + 2*n**3/3 - 3*n**2/2 + 2*n + 134. What is v(4)?
-3
Let h = -26 + 29. Let g = 6 - h. Suppose g*v = 5 + 16. Let x(l) = -l**2 + 6*l + 1. Calculate x(v).
-6
Let z(p) = p. Let c(k) = -2. Let w(r) = -c(r) + 2*z(r). Determine w(-2).
-2
Let t(h) be the first derivative of h**3/3 - 3*h**2/2 + 6*h + 3535. Suppose 2*r + r = 2*l - 11, -3*l - 5*r = -7. What is t(l)?
10
Let m(n) = -n**3 + 4*n**2 - 3*n - 4. Let x(v) = v**2 - 36*v + 71. Let r be x(2). Give m(r).
-4
Let r = -173 - -180. Let s(p) = p**2 - 8*p - 2. Determine s(r).
-9
Let f(j) be the second derivative of -j**5/60 - j**4/8 + j**3/6 - j**2 + j. Let w(r) be the first derivative of f(r). Let b = 850 - 854. What is w(b)?
-3
Let z be (-6)/(-4)*(-6)/(-9). Let w be (-5)/(-3 + 3 - z). Let u(v) = 6 - 8*v + 5*v + 4 - 4. Calculate u(w).
-9
Let t(l) = -l**3 + 12*l**2 + 6*l - 2. Let c(f) = f**2. Let k(p) = 6*c(p) - t(p). What is k(5)?
-53
Let t(a) = a**2 - 8*a. Suppose 0 = -7*k + 8*k - 11*k. Suppose 0*v - 2*v + 12 = k. What is t(v)?
-12
Let h = 244 + -263. Let u(c) = -c**3 - 20*c**2 - 20*c - 6. Give u(h).
13
Let g be (-2)/8 + 1/4. Let m(o) be the second derivative of -1/6*o**3 + 9*o - 11/2*o**2 + 0. Determine m(g).
-11
Let x = 13 + -11. Let f(g) = 4*g**2 + 25*g - 3*g**x + 9 - 19*g. Calculate f(-6).
9
Let l be (2/(-3))/(76/(-171)). Let h(f) be the second derivative of 0 - l*f**2 + f + 1/6*f**3. Give h(-3).
-6
Let s(b) = b**2 - 5*b + 2. Let m = 1 - -11. Suppose 0*j + 38 = 4*j + 3*d, -j + 12 = 2*d. Suppose m - j = q. Calculate s(q).
-2
Let q(m) = 5*m + 1 - 3*m + m**3 + 6*m**2 - 4*m - 10. Let k(j) = 2*j + 4. Let d(a) = -9*a - 15. Let r(t) = -4*d(t) - 15*k(t). Let c be r(-1). Calculate q(c).
3
Let f be (-2)/2*(30/(-6) + 17). Let y(x) = -x**3 - 11*x**2 + 11*x - 11. What is y(f)?
1
Let x(r) be the second derivative of r**4/3 + r**3/2 - 3*r**2 - 12*r. Let g(m) = m**2 + m - 1. Let j(y) = -5*g(y) + x(y). Calculate j(-3).
-4
Let r be 2 + (7 + -13)/2 + 6. Let o(l) = -7*l + 46. What is o(r)?
11
Let x(p) = -9*p - 1. Let q(j) = j**2 - j - 13. Let v be q(6). Suppose t - 18 = -v. Determine x(t).
-10
Let p(j) be the second derivative of -j**5/20 + 7*j**4/12 + j**3/6 + 4*j**2 + 33*j. Give p(7).
15
Suppose g - 4 = 4*p, -2*g = -2*p - g - 2. Let n(i) = -5*i**2 + i + 1. Let k(y) = y**2 - y - 1. Let f(z) = p*n(z) - 4*k(z). Give f(-4).
7
Let c(s) = -6*s - 14*s + 2*s + 32*s - 16*s + 21. What is c(12)?
-3
Let k(f) = -5*f**2 - f. Let y(s) = -11*s**2 - 2*s. Let o(w) = 9*k(w) - 4*y(w). Let a(p) = 5*p**2 + 13*p + 1. Let q(x) = -a(x) - 4*o(x). Determine q(-9).
-1
Let z(w) = -2*w**3 + 9*w**2 - w - 9. Let b(m) = m**3 - 4*m**2 + 4. Let s(c) = -5*b(c) - 3*z(c). Let k(h) = 3*h + 12. Let j be k(-2). What is s(j)?
-11
Let c(s) = 0*s**2 - 2*s - s + 4*s**2 + s. Let u be (0/1)/(4 + -2). Let o = 2 - u. Determine c(o).
12
Let w(k) = 2*k - 38*k**2 + 5 + 28*k**2 + k. Let d(r) = 5*r**2 - 2*r - 3. Let f(h) = -5*d(h) - 3*w(h). Determine f(1).
6
Let w(c) = -2*c**2 - c + 4. Let g(v) = 4*v**2 + 3*v - 8. Let k(n) = 4*g(n) + 7*w(n). Let y be (-17)/204 + (-47)/12. Calculate k(y).
8
Let h(b) = 11*b + 477. Let y be h(-43). Let n(q) = -5*q + 7. What is n(y)?
-13
Suppose 4*p + 5 = 1, -22 = -3*t + 4*p. Suppose t*w - 5 = w. Let k(z) = -z. Determine k(w).
-1
Let i(x) = 14*x**2 - 5*x - 4. Let m(q) = 17*q**2 - 6*q - 6. Let n(t) = -5*i(t) + 4*m(t). Determine n(0).
-4
Let x = -278 - -559/2. Let c(t) be the second derivative of 0 - 1/12*t**4 - t - 1/2*t**3 - x*t**2. Determine c(-2).
-1
Let c(n) be the first derivative of -n**2/2 + 57. Calculate c(-1).
1
Let t(c) = c + 4. Let l(g) be the second derivative of g**3/6 + 2*g**2 - 6*g. Let m(r) = 3*l(r) - 4*t(r). What is m(7)?
-11
Suppose -b = 0, -3*b = 2*t - 2*b - 4. Suppose -t*s - 23 - 5 = 0. Let c be (-18)/(-4)*s/21. Let p(x) = x**3 + x**2 - 4*x. Give p(c).
-6
Suppose 8 = 4*w - 4*c, w + w + 2*c = 0. Let l(u) = w - 4*u + 4*u + u. What is l(-4)?
-3
Let x be ((-2418)/(-299) - 8) + 194/(-2760). Let w(y) be the third derivative of x*y**5 + 0 - 5/24*y**4 + 0*y + 2/3*y**3 - 7*y**2. Determine w(5).
4
Let z(m) = -13*m**2 - 8*m + 12. Let p(g) = 3*g**2 + 2*g - 3. Suppose -11*y = 21 - 120. Let i(b) = y*p(b) + 2*z(b). Calculate i(3).
12
Let x(k) = k**3 + 7*k**2 + 6*k + 4. Let u be x(-6). Suppose h - 2*h = -u. Let b(g) = -5*g. Let l(f) = -9*f. Let a(r) = -11*b(r) + 6*l(r). What is a(h)?
4
Let h(f) = -f**2 + 8*f - 9. Let o be h(3). Let k(i) = 8 - 15*i**3 + 3 + o - 18 + i. Give k(1).
-15
Let n(j) = 2*j + 3. Suppose 3*d - 18 = -3*f, -f - 2*f - 5*d + 22 = 0. Suppose -y + 3*y = f. Suppose p - y*p = 4. What is n(p)?
-5
Let i(h) be the third derivative of -h**4/12 + h**2. Suppose -4*r + k - 2 = 4*k, 0 = -4*k + 8. Give i(r).
4
Let x(s) = 3*s**3 + 12*s**2 + 14*s + 23. Let q = 55 - 44. Let h(u) = -u**3 - 4*u**2 - 5*u - 8. Let w(j) = q*h(j) + 4*x(j). Determine w(-4).
0
Let p(w) = 2*w - 5. Let d(q) = -2*q + 2. Let x(h) = -4*d(h) - 3*p(h). Let a(u) = u**2 - 8*u + 9. Let b be a(5). Calculate x(b).
-5
Let j(g) = 0 - 4*g**2 - 1 + g**3 - 16814*g + 16810*g. Suppose 4*m - 20 = -0*m. Calculate j(m).
4
Let y(b) = b + 3. Suppose -2*i + 3*s = 146, -2*i - 66 = -i + 2*s. Let a = 61 + i. What is y(a)?
-6
Let b(c) be the third derivative of -c**5/20 + 91*c**4/24 - 4*c**3 - 799*c**2. Give b(30).
6
Let m(l) = l**2 - 4*l + 1. Let j be m(3). Let o be j/4 + (-91)/14. Let d(y) = y**2 + 6*y - 9. Let f be d(o). Let z(h) = h**3 - 2*h**2 - h + 1. Give z(f).
-13
Let v(y) = -3*y + 20 - 62 + 41. Give v(3).
-10
Let p(b) = -2*b - 13. Let f be ((54/12)/(-9))/((-1)/(-20)). What is p(f)?
7
Let k(q) = -q**3 + 8*q**2 - 5*q - 10. Let v be (-94)/(-14) - 12/(-42). Calculate k(v).
4
Let d(v) = v**2 + 6*v - 7. Let f(k) = -k**2 - 5*k + 7. Let n(q) = -2*d(q) - 3*f(q). Suppose 3*y - 1116 + 1131 = 0. Calculate n(y).
3
Let l be 4/6 - 7/(-21). Let n be -1 - ((-2 - l) + 0). Let v(m) = -m + m**3 - n*m**3 + 6 - 2. Determine v(0).
4
Let y(x) = -2*x**2 - 8*x + 15. Let o(n) = -n**2 - 4*n + 7. Suppose -16*z = -15*z + 13. Let g(b) = z*o(b) + 6*y(b). Determine g(-4).
-1
Let o(f) be the third derivative of -2*f**5/15 + f**4/24 + 28*f**2. Let j be (1 - 0) + 0 + -3. Let k = j - -3. What is o(k)?
-7
Let p(h) = -317*h + 625*h - 18*h**2 - 307*h. Give p(1).
-17
Let p(r) = r - 3. Let l(s) = s**3 + 7*s**2 - 16*s + 20. Let q be l(-9). Give p(q).
-1
Let p(o) = -7*o**3 + 13*o**2 + 6*o + 1. Let c(q) = -10*q**3 + 19*q**2 + 9*q + 2. Let k be 2 + (-235)/25 - (-4)/10. Let m(t) = k*p(t) + 5*c(t). Calculate m(5).
-7
Let b(v) = -v**3 - 5*v**2 - 3*v. Suppose 5*t = 4*a + t - 8, 3*t = -5*a + 26. Suppose -3 = -d + 2. Suppose 0 = -0*s + a*s + d*r - 4, -s - r = 0. Determine b(s).
-4
Let t(n) be the third derivative of -n**5/60 - n**4/12 + 7*n**3/6 - n**2. Let u(a) = 36*a + 751. Let f be u(-21). Give t(f).
-8
Let j(k) = k**2 - 8*k. Suppose -42 = -5*y + 7*y. Let v be (78/8)/(y/(-56)). Suppose -3*f - r + v = 0, 4*r = -f - 2*f + 41. Give j(f).
-7
Suppose i - 2*i - 5*h = -24, 2*i + 7 = h. Let k(g) be the second derivative of 17*g**4/12 + g**3/3 + g**2/2 + 7*g + 1. What is k(i)?
16
Let j(w) = -w**3 + w*